inder when l is divided by 12.
11
Suppose 421 = -4*l + 5*l + 3*w, -15 = 3*w. What is the remainder when l is divided by 19?
18
Suppose 3*g + 20 = 2*g + 4*x, -5*g = 2*x - 10. Suppose u - 7 = -g. Calculate the remainder when 33 is divided by u.
5
Suppose -4*n + 16 = -6*n - f, -4*n - 4 = -5*f. Let x(s) = -2*s - 10. Let t be x(n). What is the remainder when 10 is divided by (-9)/(3 - 9/t)?
4
Let p(n) = 10*n + 20. What is the remainder when p(10) is divided by 16?
8
Let s = 33 - 8. Suppose -2*u + s = -19. What is the remainder when u is divided by 6?
4
Let q(b) = -b**2 - 9*b - 1. Let n = -7 + 19. Let c = n - 7. What is the remainder when q(-6) is divided by c?
2
Suppose 876 = -2*l + 8*l. Suppose -4*k - 4*b = -k - l, k + 5*b - 56 = 0. What is the remainder when k is divided by 24?
22
What is the remainder when 2448/32 + 1/2 is divided by 42?
35
Suppose -218 - 106 = 6*b. What is the remainder when (11 - b) + 2 + -3 + -1 is divided by 22?
19
Suppose 5*u = -q + 718, 5*u + 8*q - 727 = 4*q. Calculate the remainder when u is divided by 6.
5
What is the remainder when (1 - 2)*(-57 + -1) is divided by (-3 + 38)*(-42)/(-98)?
13
Let f(h) = h**3 - 7*h**2 + 9*h - 9. Let c = -19 - -19. Suppose 124 = 3*a + y, c*a + 2*a - 88 = 2*y. What is the remainder when a is divided by f(6)?
6
Suppose 4*k - 16 = 0, 2*f - 40*k - 156 = -37*k. Calculate the remainder when 156 is divided by f.
72
Suppose 0 = -d + 4*c + 89, 5*d + 3*c - 801 = -241. What is the remainder when 757 is divided by d?
103
What is the remainder when 825/12 - (-1 - 3/(-4)) is divided by 13?
4
Suppose 0 = -4*r + 118 - 50. Let l = 43 - r. What is the remainder when 50 is divided by l?
24
What is the remainder when (-3)/(-4)*(-2)/3*-36 is divided by ((-8)/(-10))/((-4)/(-50))?
8
Suppose -16*z + 12*z + 104 = 0. Calculate the remainder when 152 is divided by z.
22
Let k(p) be the second derivative of 1/6*p**3 + 1/2*p**2 - 6*p + 0. What is the remainder when 7 is divided by k(2)?
1
What is the remainder when (1/(-4))/((-3)/534)*2 is divided by (0 - 4)/2 + 26?
17
Suppose 1 = -v - 1, -5*v = 4*u - 62. Let r(t) = t + 17. Let c be r(-13). Suppose -c*x = x - 170. Calculate the remainder when x is divided by u.
16
Let i = 366 + -233. What is the remainder when i is divided by 17?
14
Suppose -2*v + 89 - 17 = 0. What is the remainder when 119 is divided by v?
11
Let x(k) = -9*k - 4. Let g be x(-1). Suppose 5 = -a + 2*a, -g*w = -a - 100. Calculate the remainder when w is divided by (-44)/(-6)*(-3)/(-2).
10
Suppose 53*q - 1763 - 4279 = 0. What is the remainder when q is divided by 25?
14
Let j(u) be the third derivative of u**5/60 + 5*u**4/6 - 5*u**3/6 + 12*u**2. What is the remainder when j(4) is divided by 47?
44
Suppose -184 = -4*p + 4*a, -4*p = a - 258 + 54. Let j = p + -36. Calculate the remainder when 81 is divided by j.
11
Suppose -20*v - 777 = -1057. What is the remainder when 108 is divided by v?
10
Let k = 20 - 15. Let q(a) = a**3 + 7*a**2 + 4*a + 3. Calculate the remainder when q(-3) is divided by k.
2
Let b(t) = 108*t + 1. Let j be b(1). Let q = j - 49. Calculate the remainder when q is divided by 21.
18
Let d = -4 - -4. Let j = -1 - d. Let n(u) = -13*u - 1. What is the remainder when 22 is divided by n(j)?
10
Suppose -2588 = -6*j + 154. Suppose -2*y - 3*y + j = 2*f, -f + 275 = 3*y. What is the remainder when y is divided by 24?
21
Let g(f) = f**2 - 6*f + 1. Calculate the remainder when 118 is divided by g(7).
6
Suppose -77 + 17 = 2*r. Suppose 0 = d - 4*l - 59, -1 = 2*l + 5. Let z = r + d. What is the remainder when 50 is divided by z?
16
Let m = -4 - -21. Let w = 21 - m. Suppose -2*o = 5*z + 5, 25 = o - 0*z - 3*z. Calculate the remainder when o is divided by w.
2
Let v be ((-5)/(-10))/((-3 + 1)/(-8)). Let o(s) = 3*s**3 - 5*s**2 + 2*s. Let b be o(3). Let d = b - v. What is the remainder when d is divided by 14?
12
Suppose 2*g + 5*o = 225, -3*g + 17 = -o - 278. Calculate the remainder when g is divided by 53.
47
Suppose -69*g = -130*g + 74*g - 130. Calculate the remainder when 4/(2/1) - -34 is divided by g.
6
What is the remainder when (-40 - -46)*(-318)/2*-1 is divided by 20?
14
Let j(c) = c**3 - 4*c**2 - 5*c + 6. Let t be j(5). Suppose 5*z = -4*i + 33, -z = t*i - i - 57. Calculate the remainder when 40 is divided by i.
4
Let m = -45 + 71. Suppose 2*o - m = -2*b, 5*o = 5*b + 5 + 10. Calculate the remainder when 14 is divided by o.
6
Suppose 6*u - 88 = 4*u. Let c = 40 + -34. Suppose -c = 2*y - 52. Calculate the remainder when u is divided by y.
21
Suppose -16 = 3*d - 22. Suppose -z + d*u + 27 = 0, 2*z - u - 9 = 36. Calculate the remainder when 59 is divided by z.
17
Let q(z) = -z**2 + 13*z**3 + 2 - 8*z**3 - 1. Let m be q(1). Let p = 21 - m. What is the remainder when 31 is divided by p?
15
Suppose 0 = -3*o + t + 53, 2*o = 3*t - 21 + 61. Let l(h) = -2*h + 8. Let j be l(8). Calculate the remainder when o is divided by 0 - (5 + -3 + j).
5
Let g(i) = i**3 - 7*i**2 - 4*i + 42. What is the remainder when 82 is divided by g(7)?
12
Suppose 3*u = -2*t + 190, -4*t + 2*u = u - 394. Suppose 350 = 9*z + 44. Let w = t - z. What is the remainder when w is divided by 22?
20
Let v(i) = -i**3 + 4*i**2 - 5*i + 6. Let f be v(3). Suppose 2*l = -f*m - m + 7, -l = -5*m + 46. Calculate the remainder when 34 is divided by m.
7
Let t = -537 + 543. Let r = 5 + 0. What is the remainder when t is divided by r?
1
Let m(g) = 8*g**2 - 27*g + 6. What is the remainder when m(11) is divided by 68?
65
Let u(p) = -p**2 + 3*p. Let z = 16 - 14. Let y be u(z). Suppose 3*r - 38 = -0*q + 4*q, -4*r - y*q + 58 = 0. What is the remainder when r is divided by 8?
6
Let f(p) = 3*p. Let n(w) = -7*w + 1. Let q(h) = 9*f(h) + 4*n(h). Calculate the remainder when 62 is divided by q(-4).
6
Suppose -o + 136 = 3*o. Let z = -6 - -18. What is the remainder when o is divided by (-3)/(2/z*-2)?
7
Let u = 215 + -80. What is the remainder when u is divided by 15?
0
Suppose 0 = d + b + 7, 0*d - 21 = 3*d - 3*b. Suppose 0 = 11*t - 237 + 83. Calculate the remainder when d + 8 + 38*1 is divided by t.
11
Let a be 0 + (-1 - 2) - -7. Suppose 4*b - 380 = -0*b + a*s, 2*b - 194 = 4*s. What is the remainder when b is divided by 24?
21
Suppose -11*q + 34 = 463. Let m = q + 54. What is the remainder when 117 is divided by m?
12
Suppose 4*m = -2*h + 33 - 17, -5*m + 46 = -4*h. Calculate the remainder when 13 is divided by m.
1
What is the remainder when 299 is divided by 37 - 54/6 - -2?
29
Let r(a) = a**2 - 20*a + 38. Calculate the remainder when 130 is divided by r(19).
16
Let j = -84 + 333. Calculate the remainder when j is divided by 12.
9
Suppose -d + 69 = 2*a, -3*d - a + 195 = a. Suppose -27 - d = -5*l. Suppose -3*m + 30 = v - l, 0 = -2*v. Calculate the remainder when 29 is divided by m.
13
Suppose 19*h - 559 = 6*h. Calculate the remainder when h is divided by 19.
5
Let z = 906 + -887. Suppose -p = -3*k + 335, 5*k = k + 2*p + 446. What is the remainder when k is divided by z?
17
Let l(n) = 43*n - 239. What is the remainder when 371 is divided by l(7)?
61
Suppose 20 = 4*q - 3*i - 1, -4*i - 2 = -q. Let g(v) = v**2 - 5. What is the remainder when g(q) is divided by 16?
15
Let v = -240 - -312. Calculate the remainder when v is divided by 13.
7
Suppose 13*i = 15*i - 94. Let t = i - 31. What is the remainder when 77 is divided by t?
13
What is the remainder when (-8)/(-36) + (-5932)/(-36) is divided by 28?
25
Suppose 0 = -5*q - c + 26, -3*q + 2*q = 2*c + 2. What is the remainder when 15 is divided by q?
3
Let o(g) = 3*g**2 - 2*g + 1. Suppose -2*d - d = -5*v + 1, -7 = -2*v - d. Let c be o(v). Let s = -6 + c. What is the remainder when 7 is divided by s?
1
Suppose 0 = -2*y + 9 + 19. Suppose -35*g + 704 = -591. Calculate the remainder when g is divided by y.
9
Let p(f) = f - 2. Let t be p(2). Suppose t = -k - k + 60. Calculate the remainder when k is divided by 11.
8
Suppose -8*n + 24 = 8. Suppose -2 = -n*p + 30. Calculate the remainder when p is divided by 9.
7
Let z = 7 - 5. Let k be 0/(-4 + z - -1). Suppose k*d + d = q - 7, 0 = -2*d - 8. Calculate the remainder when q is divided by 2.
1
Suppose 0*s + 2*g = -4*s - 20, -4*g = -5*s + 1. Let c(j) = -7*j**3 - 6*j**2 - 7*j - 7. What is the remainder when c(s) is divided by 8?
5
Let g(m) = 7*m - 2. Suppose 5*c - 5 + 0 = 0. Let h(r) = r - 1. Le